2 - -1614. Calculate the highest common divisor of s and z.
14
Let d be (-1 - 26)/(9/(-30)). Let f(v) = -v**2 - 3*v + 9. Let q be f(-4). Let u be 1/(q*(-2)/(-300)). What is the highest common factor of d and u?
30
Let x be (8 - 2)*(3 + 3/(-6)). Suppose -5*c + x = -3*l + 4, -4*l + 24 = 3*c. Suppose -l*y = -106 - 191. Calculate the highest common divisor of y and 9.
9
Suppose 2*j = 2*g - 44, -76 = -3279*g + 3275*g + j. Calculate the greatest common divisor of 25 and g.
1
Let v(q) = 6*q**2 - 1659*q + 8317. Let d be v(5). Calculate the greatest common divisor of d and 44.
4
Let g be 5 + -117*(-10)/45. Calculate the highest common factor of g and 1674.
31
Let y = 29072 - 28972. Let w be (-117)/(-6) - (-1)/2. Calculate the greatest common divisor of y and w.
20
Let q(b) = 5*b**2. Let k be q(-2). Let g = -1113 + 2421. Suppose -27*t + 42 = -g. Calculate the highest common factor of k and t.
10
Suppose 4*z + 3*x - 228 = 0, 3*x - 8 = -z + 40. Suppose f + 9*j = 11*j + 111, 4*j = -12. What is the highest common divisor of z and f?
15
Suppose 0 = -5*z + 20 + 10. Suppose -3*v - 2*o + 62 = -196, -3*o = 4*v - 345. Let k be 216/v*28/6. Calculate the highest common factor of k and z.
6
Let w = -8148 + 8964. What is the highest common divisor of w and 1326?
102
Suppose 48*p + 2*p - 99636 = -42*p. What is the highest common factor of p and 1140?
57
Suppose 0 = 27*p - 11*p + 67*p - 49136. What is the highest common divisor of 851 and p?
37
Let b be (-9*6/(-45))/(4/220). What is the highest common factor of 2794 and b?
22
Suppose -69*i - 99 = -58*i. Let c(g) = g**3 + 11*g**2 + 7*g - 9. Let q be c(i). What is the greatest common divisor of 144 and q?
18
Suppose f - 21460 = -s, -3246*s - 4*f + 107296 = -3241*s. What is the greatest common factor of s and 32?
16
Let a(y) = -2*y**2 + 5*y. Let v be a(0). Suppose v = 49*k - 50*k + 360. Suppose 87 + 3 = 2*q. What is the greatest common divisor of k and q?
45
Let x(r) = -r - 1. Let m = 16 - 23. Let a be x(m). Suppose -45*q + 320 = -86*q + 1181. What is the greatest common divisor of q and a?
3
Suppose -6*h + 80 = -46. Suppose 16*t - 9*t - h = 0. Let s be 33*-1*1/(-1). Calculate the highest common factor of t and s.
3
Let z be 124/21 + -6 - (-3520)/(-84). Let v = 96 - 49. Let c = v + z. What is the greatest common factor of 10 and c?
5
Let l = 844 + -481. Let m be (1 + -2)*(-13 - 25 - -5). Calculate the greatest common factor of m and l.
33
Suppose 4*v - 264 = 4. Suppose 2*u = 4*l + 58, 3*u - v = -0*u + 2*l. Let g(a) = -64*a + 12. Let d be g(-1). What is the greatest common factor of d and u?
19
Let j(b) = -3*b - 10. Let a be j(-5). Let s(o) = -1388*o - 6590. Let z be s(-5). Calculate the highest common divisor of z and a.
5
Let a(f) = -252*f + 1. Let y be a(-3). Suppose 40020 = -3*t - 103*t + 19*t. Let u = t + y. What is the highest common divisor of u and 27?
27
Let i(m) = -3*m**3 - 50*m**2 - 376*m + 19. Let u be i(-9). What is the highest common divisor of 11 and u?
11
Let b(l) = 17*l - 48. Let u be b(3). Suppose -4*h + 5*a = -55, -u*a + 58 = 4*h - 5*a. Let q = -23 + 38. Calculate the highest common divisor of h and q.
15
Let u(g) = 6*g**3 - 10*g**2 - 97*g + 311. Let z be u(3). Suppose 0 = -n - 5*k + 18, 0 = -n - 4*k + 11 + 8. What is the highest common factor of z and n?
23
Suppose -4*f - 4*a + 16 = -f, 2*a - 2 = 0. Suppose -4*z = 4 + 16, -f*x - 5*z = -95. Calculate the highest common factor of 36 and x.
6
Let b(n) = 2*n**2 - 46. Let w be b(14). Let j = -186 + w. Suppose -t + 4*x = 2*t - 50, 4*x + 40 = 2*t. Calculate the greatest common factor of t and j.
10
Let q(y) = 7*y**2 + 6*y + 1. Let n be q(-1). Let p be (-528)/(-2)*(2/n + 0). What is the highest common factor of p and 33?
33
Let y be 0 + 4 + (6 - 132)*-1. Let k = 136 - y. Calculate the greatest common factor of 114 and k.
6
Suppose j - 344 = -3*j - 4*v, -j + 4*v + 96 = 0. Let n(s) = -898*s + 5420. Let w be n(6). Calculate the greatest common factor of w and j.
8
Suppose -4*m = 3*c - 72, 3*c - 49 = c - 3*m. Let i(a) = a**3 - 20*a**2 + a - 10. Let z be i(c). Calculate the greatest common divisor of z and 10.
10
Let x(w) = 23*w**2 - 3*w - 5. Let l(u) = -u**2. Let c(f) = 4*l(f) + x(f). Let v be c(-2). Calculate the highest common factor of 693 and v.
77
Let p be 9/6*5 + (-9)/18. Suppose -p*l = 42 - 238. Calculate the greatest common factor of 98 and l.
14
Suppose 10*s - 392 = -32. Let j(g) = -2*g**2 + g - 4. Let x be j(-3). Let r = x + s. What is the greatest common factor of r and 44?
11
Suppose 57*p - 8*p + 615 = 90*p. Calculate the greatest common divisor of 485 and p.
5
Suppose 0 = -4*a, 3*a = 4*k + 51 + 49. Let x(q) = 12*q + 345. Let i be x(k). Calculate the highest common divisor of i and 63.
9
Suppose 87 = 5*t + 62. Suppose 15 = 5*x + 4*j, 2 + 1 = x - 5*j. Suppose -2*b - 5*a = -15, -x*a - a = -3*b + 80. Calculate the greatest common factor of t and b.
5
Suppose 7*n + 2024 = 15*n. Let j = 449 - n. Calculate the highest common factor of 56 and j.
28
Let h = -5771 + 5791. Calculate the highest common factor of h and 250.
10
Suppose -5*l + l = 2*j + 6, -3 = -2*j - l. Suppose -j = -2*p - 1. Let d be 90*p/(-3)*(-27)/9. Calculate the greatest common factor of d and 10.
10
Suppose -58212 = 30*z - 33*z + 3*t, 2*z - 4*t = 38792. What is the greatest common factor of 92 and z?
92
Let b = 667 + -304. Let v = 3022 + -2989. Calculate the greatest common factor of b and v.
33
Let y(u) = -4*u**2 + 2*u + 4. Let w be y(3). Let r(s) = s - 57. Let x be r(w). Let c = x + 91. Calculate the highest common divisor of 72 and c.
8
Suppose v - 56 = 3*v. Let c be (v/(-10))/((-2)/(-50)). Suppose -48*s + 336 = 56*s - 92*s. What is the greatest common divisor of c and s?
14
Suppose -11*t + 56 = -10*t. Suppose -83*a + 75*a + t = 0. What is the greatest common factor of 154 and a?
7
Suppose -216*z - 3401 + 2373 = -11180. Calculate the highest common divisor of z and 19.
1
Let x(w) = -16*w**2 - 6*w + 7. Let g be x(3). Let c = g + 177. Calculate the highest common divisor of 22 and c.
22
Suppose -2*c = -0*c - 12. Let y be 2 + c*10/2. Let g = 27002 + -26994. Calculate the greatest common divisor of y and g.
8
Let h(y) = 50*y**3 + 12*y**2 - 10*y. Let r be h(-4). Let a = r + 4237. Calculate the highest common factor of 27 and a.
27
Suppose a = -2*a + 2*n - 10, -3*a - n - 4 = 0. Let g be (-365)/(25/(-5)) - a. Suppose 5*w = 180 + g. Calculate the highest common factor of 34 and w.
17
Let b = 7066 + -6364. What is the greatest common factor of 78 and b?
78
Let n be (60/9)/5 + (-26)/(-39). Suppose 2*m - 108 = -n*a, m - 26 - 138 = -3*a. Calculate the highest common factor of a and 22.
11
Let c = 96615 + -96129. Suppose -14 = -4*i + 202. Calculate the greatest common factor of c and i.
54
Let g = 259 - 251. Let y be (-3170)/(-6) - (g/(-12) - -1). What is the highest common factor of y and 198?
66
Let g be (-678)/(-21) + (-4)/14. Suppose 5*c - 444 = 3*c. Let o = c + -142. What is the greatest common divisor of o and g?
16
Suppose 6*a + 4556 = -11*a. Let d = -184 - a. Calculate the highest common divisor of d and 63.
21
Let l = -5330 - -7904. What is the greatest common factor of 26 and l?
26
Suppose 14*f - 123 = -27*f. Let x be 60/12 - (-6 + (f - 6)). Calculate the highest common factor of x and 70.
14
Suppose 4*s = -9 + 49. Let i be ((-6)/s)/((-3)/15). Suppose -4*d + 90 = -0*l + i*l, -2*d = 0. Calculate the highest common divisor of 20 and l.
10
Let n(s) = -s**2 - 53*s + 135. Let v be n(-40). What is the greatest common divisor of v and 524?
131
Let a = 104 + -98. Let b be a/2 + (67 - 61). Let j be (2 - -14)/((-4)/(-18)). What is the greatest common divisor of b and j?
9
Let v = 39 + -28. Let r(j) = -201*j + 435. Let p be r(2). What is the highest common factor of p and v?
11
Let w = 42 + -15. Suppose 29*x - w*x - 76 = 0. Calculate the highest common divisor of 209 and x.
19
Suppose 4*g = 13*c - 332, 0 = -3*c - 3*g + 32 + 25. Suppose -4*h + 3*x = -536 - 697, 3*h = 3*x + 921. Calculate the greatest common divisor of c and h.
24
Let w be ((-2)/(-6))/(17/(-4335)). Let z = w + 90. Suppose -12*x + 1260 = -z*x. Calculate the highest common factor of x and 72.
36
Suppose 3*i - 10*f = -5*f + 47, 5*i + 3*f - 101 = 0. Suppose -17*l + 5*u - 980 = -i*l, l - 484 = -u. Calculate the highest common divisor of l 